e factors of z(1)?
3, 7
Let v(u) = 2*u**2 + 3*u - 3. Suppose h - 4 + 2 = 0. List the prime factors of v(h).
11
List the prime factors of 4 + (816/6)/2.
2, 3
Let r(p) = -p**3 + 12*p**2 + 7*p - 5. List the prime factors of r(11).
193
Let f = 9 + -7. Suppose -f*y + 20 = 2*y. Suppose 5 = 4*b + 3*r, -2*b + 3*r + y = -4*b. List the prime factors of b.
5
Let j(p) = 4*p**2 - 7*p - p**2 - p**3 + 6 + 5*p**2. Let q be j(7). Suppose 8 = i - q. What are the prime factors of i?
2, 7
Suppose 4*p = -o - 0*p - 5, 3*p = -6. Suppose o*j - 66 = 3*y, 5*j - 2*y - 2*y = 113. What are the prime factors of j?
5
Let q(a) = 8*a - 7. List the prime factors of q(5).
3, 11
Let w = 18 - 10. List the prime factors of ((-10)/w)/((-2)/8).
5
Let t be ((-28)/10)/(4/(-10)). Let s = t - 5. What are the prime factors of s?
2
Let z = 797 - 554. What are the prime factors of z?
3
Let i(p) = -6*p - 3. Let l be 38/14 - (-4)/14. Suppose 0 = l*f - 0 + 6. List the prime factors of i(f).
3
Let n(d) be the second derivative of -d**3/3 - 2*d**2 - d. Let g be n(-4). Let t = -2 + g. What are the prime factors of t?
2
Suppose 2*s = 4*z + 16, 0*s + 2*s + 4*z = 0. List the prime factors of s*2 + 7/(-7).
7
Let j be 21 - (2 - (3 - 1)). Suppose -2*i = 20 - 0. Let f = i + j. List the prime factors of f.
11
Let l = -39 - -59. Let h = l - 35. Let y = -9 - h. What are the prime factors of y?
2, 3
Suppose -3*q = 1 - 16. Suppose 3*p = d - q, -5*d = p + 5 - 30. Suppose p = a - 7 - 9. List the prime factors of a.
2
Let r(f) = f + 1. What are the prime factors of r(3)?
2
Let p = 12 + -9. Suppose 4*r - p = 53. What are the prime factors of r?
2, 7
Let w = -12 + 12. Suppose -132 = -3*u + 2*k + k, -5*u - 5*k + 210 = w. What are the prime factors of u?
43
Suppose n - 2*n = -23. List the prime factors of n.
23
Let a be ((-12)/10)/(3/45). Let d = -9 - a. List the prime factors of d.
3
Let b be (6/(-15))/(4/(-40)). Suppose 0 = u, 4*u = -2*h + b*h - 98. What are the prime factors of h?
7
Let t(i) = 11*i**3 - i**2 + i - 1. Let r = -1 + 2. What are the prime factors of t(r)?
2, 5
Let j = 41 + 5. What are the prime factors of j?
2, 23
Let q = 9 - 10. Let s(k) = -5*k + 1. Let g be s(q). Let b(z) = -z**2 + 6*z + 3. What are the prime factors of b(g)?
3
Suppose l + l = -2. Let o be 1*l*(-5)/(-5). Let f(w) = -4*w**3 + 2*w**2 - 1. List the prime factors of f(o).
5
Suppose 0 = 3*z + 5*p - 169, 0*z - 4*p = -z + 28. Suppose -2*m + z = 2*m. List the prime factors of m.
2, 3
Let b(x) = -2*x + 10. Let h be b(10). Let y = h + 16. What are the prime factors of y?
2, 3
Suppose z - 2*n = -14, -3*z + 3*n - 30 = -0*z. Let b be ((-34)/(-6))/((-2)/z). Let u = b + -5. List the prime factors of u.
2, 3
Let z be -1*2 - (-2 + 3). Let f = z + 3. Suppose f = -2*g + g + 5. What are the prime factors of g?
5
Suppose -46 = -2*r - 3*r - 4*p, -5*r = -4*p - 54. What are the prime factors of 570/25 - (-2)/r?
23
Let j(i) = i**3 + 6*i**2 - 8*i + 3. Let o be j(-7). Suppose 3*m = 7*m - 80. Let g = m - o. What are the prime factors of g?
2, 5
Let m(o) be the first derivative of o**5/60 - o**4/8 - 2*o**3/3 - 2*o**2 - 1. Let j(u) be the second derivative of m(u). What are the prime factors of j(5)?
2, 3
List the prime factors of 2/(-13) - 576/(-26).
2, 11
Let n = 5 - 3. Suppose 4 = -n*y + 4*y. Suppose -y*k + 54 = 3*k + 3*j, 15 = k + 2*j. List the prime factors of k.
3
Suppose 49 = 4*c - 111. List the prime factors of c.
2, 5
Let x be 6 + -3 + 1 + -2. Suppose 0*j + 4*m = x*j - 28, m = j - 19. What are the prime factors of j?
2, 3
Suppose -j + 36 = -12. List the prime factors of j.
2, 3
Let m = 1 - -2. Suppose -5*v + m*v = -48. What are the prime factors of v?
2, 3
What are the prime factors of (-6)/(-9) - ((-676)/(-3))/(-4)?
3, 19
Let r = 93 + 3. Suppose -11*u + 13*u = r. What are the prime factors of u?
2, 3
Let u = 15 - 12. Let x = 13 - u. List the prime factors of x.
2, 5
Let k(j) = -3*j + 1. Let n(d) = -1. Let y(c) = -k(c) + 4*n(c). Let x(h) = -h**3 - 24*h**2 - 2*h - 43. Let b be x(-24). What are the prime factors of y(b)?
2, 5
Let n(j) = -j + 5. Let h(p) = -p**2 + 8*p - 2. Let g be h(7). Suppose g = -2*b - 13. List the prime factors of n(b).
2, 7
Let h = 8 - 4. Let n(x) = x - 2. List the prime factors of n(h).
2
Suppose -2*o - 722 = -4*z - 0*z, 2*o = -5*z + 907. What are the prime factors of z?
181
Let v(z) = 36*z**2 - 1. List the prime factors of v(1).
5, 7
Let u = 68 + 109. List the prime factors of u.
3, 59
List the prime factors of -3 + (67 - -4) - 1.
67
Suppose 0 = p + c - 3, p + c - 3*c - 3 = 0. Suppose -3*r = 12, -p*y + 0*y - 1 = 4*r. What are the prime factors of y?
5
What are the prime factors of 15/35 + 270/7?
3, 13
Suppose -11*d + 810 = -6*d. What are the prime factors of d?
2, 3
Let d be (-9)/6 + 22/4. Suppose -d*j = -7*j + 9. List the prime factors of j.
3
Let v = 131 - 84. What are the prime factors of v?
47
Let a = 22 + 38. List the prime factors of 1/(3/a) + -3.
17
Let j be 2/(-4) + (-17)/2. Let g = 2 - j. List the prime factors of g.
11
Suppose 3*a = a + 6. Suppose 32 = 3*m - 5*g, -m + a*g + 6 = 6*g. List the prime factors of m.
3
Let z(i) = -41*i - 109. What are the prime factors of z(-6)?
137
List the prime factors of (-2 + (-17)/(-2))/(3/12).
2, 13
Suppose -3*m + 817 = 4*w, -m - 4*w = -0*w - 267. List the prime factors of m.
5, 11
Let y = 15 - 4. List the prime factors of y.
11
Suppose 3*n + 98 - 422 = 0. List the prime factors of n.
2, 3
Let r = 27 - -4. List the prime factors of r.
31
Suppose -5*l + 9*l - 148 = 0. What are the prime factors of l?
37
Let y = 29 + -7. List the prime factors of y.
2, 11
Let f(l) = -l**2 + 11*l - 12. Let o be f(8). What are the prime factors of 40 + o/(-6 - -3)?
2, 3
Suppose -s + 22 = 3*r + 2*r, -2*r = 5*s - 64. Suppose -u - 3 = -s. What are the prime factors of u?
3
Suppose -3*r + 101 = -5*q - 97, -194 = 5*q - 4*r. Let k = -7 - q. List the prime factors of 585/k - 4/(-14).
17
Let c = 311 - 165. List the prime factors of c.
2, 73
Suppose 8*s - 3*s = 25. Suppose -s*o = -w + 2*w - 5, o = -2*w - 26. What are the prime factors of (0 - 4)/(5/w)?
2, 3
Let s = 141 - 75. What are the prime factors of s?
2, 3, 11
Suppose 0 = i + 3*i - 4*s, 0 = -2*i + 3*s - 4. Let k be 64/28 + i/(-14). Let g = k - -11. What are the prime factors of g?
13
Let i be -3 - (2 - 0)*-1. Let c = 49 + i. What are the prime factors of c?
2, 3
Let x(g) = -g**3 + 5*g**2 - 3. Let d be x(5). Let u(w) = -2*w + 7. What are the prime factors of u(d)?
13
Let h(f) = f**3 + 9*f**2 + 8*f - 9. List the prime factors of h(-7).
3, 11
Let w = -2 - -6. List the prime factors of -4 - w/(-2) - -7.
5
Suppose -14 + 50 = v. What are the prime factors of v?
2, 3
Suppose 4*z = 3*z + 43. Suppose -i - 39 = 4*i - h, 5*i + z = 2*h. Let o = 0 - i. List the prime factors of o.
7
Let x be (-7 - (-2)/1)*-1. Let q = 42 - 38. Suppose 0 = -f + q, 3*f + 59 = 3*y + x*f. List the prime factors of y.
17
Let l(c) = -5*c**3 + 10*c**2 - 2*c + 5. Let x(v) = -4*v**3 + 9*v**2 - 3*v + 5. Let j(t) = -3*l(t) + 4*x(t). List the prime factors of j(4).
13
Let r(p) = 3*p - 5. Let s be r(6). Suppose f + s = 2*f. What are the prime factors of f?
13
Let v(r) = -r + 24. Let h = -15 - -26. List the prime factors of v(h).
13
Suppose 0 = -3*t - 2*h - 61 - 21, 5*h + 23 = -t. Let l = t + 65. What are the prime factors of l?
37
Let k = -5 + 5. Suppose -o - 5*z - 10 = -k*z, -3*o = 5*z. What are the prime factors of o?
5
What are the prime factors of -59*(-8)/(-3)*(-45)/30?
2, 59
Let x be ((0 - -1) + -4)*-1. Suppose 0 = -2*n - x*n + 300. Suppose -5*o + 5*l + n = 0, 4*l + 24 = 2*o + 8. List the prime factors of o.
2
Let z = 71 + -1. List the prime factors of z.
2, 5, 7
Suppose -c = g - 3, -3*g - 2*g = -4*c - 24. Suppose -3*d - 36 + 9 = -3*b, d + 48 = g*b. List the prime factors of b.
13
Let q be 3655/(-45) + 2/9. List the prime factors of (2/(-6))/(3/q).
3
Let f = -3 - -5. Suppose 11 = x - 5*l, -l - 1 = f. Let r = x + 16. List the prime factors of r.
2, 3
Suppose 3*f = -2*c + 193, -2*c + 6*c - 3*f = 341. What are the prime factors of c?
89
Suppose 0*s + 35 = 3*t - 5*s, 4*t = -5*s. What are the prime factors of t?
5
Suppose -2*k - 42 = -2*x, 0 = -2*x + k + 57 - 19. Suppose -u - 1 - x = 0. List the prime factors of (-68)/u + 4/18.
2
Let m(k) be the second derivative of k**4/12 + 2*k**3/3 + 2*k. Let